*n + 4*h - 1615 = 8*h. Is n prime?
False
Suppose -5*k + 3*g + 145316 + 70914 = 0, -172932 = -4*k - 8*g. Is k a prime number?
False
Let n = -737 - -1674. Is n composite?
False
Let w = 7260 + 13817. Is w prime?
False
Suppose -148156 = -6*p - 51520. Is p a prime number?
False
Suppose 376*q = 371*q + 59435. Is q a composite number?
False
Is (-2 + 5 + -4)*-4559 a prime number?
False
Let t(f) = -f + f**2 - 90*f**3 + 1740 - f**2 - 1743. Is t(-2) prime?
True
Suppose -r - 2 = 0, 3*r + 32 = 4*y - r. Let z be 0/((-1 - 1)*-1). Suppose z = -j + 2*g + 27, 2*g - y*g - 31 = -j. Is j composite?
False
Suppose -s + 8 = 6. Suppose 2*c - 5*y - 20 = 0, s*c - 13 = -2*y + 35. Is (-8)/c - (-17)/5 composite?
False
Let f be 1880/(-1*2) - 0. Let u(v) = -650*v**2 + 2*v + 1. Let g be u(1). Let h = g - f. Is h a composite number?
False
Let s(c) = -17*c**2 - 2*c - 1. Let x be s(-1). Let i be (-6)/(-14) - x/28. Let a(f) = 119*f**3 + f**2 - f. Is a(i) a composite number?
True
Suppose 3*b - 2126 = n, -4*b - 4*n - 713 + 3521 = 0. Is b prime?
False
Let u be 2*(0 + 2588/(-8)). Let j = u + 1588. Is j a prime number?
True
Suppose -184 = 4*o + 212. Let x = 151 + o. Is 569/4 + (-13)/x prime?
False
Suppose 3*c - 14 = 1. Let q = -70 - -72. Suppose -q*o + s + 8 = 0, -o + 5*s - 19 = -c. Is o composite?
True
Let m(n) = 5*n - 3. Let i be m(-6). Is (1*-213)/(i/22) prime?
False
Let h be 0/(-19) + (-3 - 0). Is h/(-9) + 10090/15 a prime number?
True
Let d = 206 - -3771. Is d prime?
False
Let w(i) = -943*i - 10. Let s be w(-6). Suppose 0 = -5*z + 3017 + s. Is z a prime number?
True
Let r(t) = 9*t + 27. Let j(x) = -4*x - 14. Let a(o) = 7*j(o) + 3*r(o). Let v be a(-10). Is (0/1 + -3)*v a prime number?
False
Let d(b) = 25*b**2 - b - 16. Let t be d(6). Let f = 1419 - t. Is f composite?
False
Suppose 21*i = 28*i - 95291. Is i a composite number?
False
Suppose 1 = 5*u - 9. Let s(y) = 3*y**u - 2*y**2 + 39 - 2*y + 3*y. Is s(0) prime?
False
Suppose 6 = -3*s, 2*i + s + 161 = 55. Suppose -5*a + 552 = -t, -2*t + 0 + 6 = 0. Let h = i + a. Is h a composite number?
False
Let u(p) = -p**2 - 3*p + 5. Let k be u(-5). Let h be (-2)/k - 3048/(-5). Suppose -5*w + 3*w + h = 0. Is w prime?
False
Suppose -36441 = -117*p + 108*p. Is p a composite number?
False
Let d = 19 + -5. Is (-8)/6*(-21)/d - -1139 prime?
False
Let a(z) = 5*z - 3*z - 2*z - z + 97. Let p = 7 + -7. Is a(p) prime?
True
Let r = -24 + 29. Suppose -c + 6*d = 2*d - 17, -r*c - 2*d + 19 = 0. Suppose 3*n = 15, 5*n + 1875 = c*b + n. Is b a prime number?
True
Suppose 4*b - 16581 - 24595 = 0. Is b a prime number?
False
Suppose -m = 2*d + 2538, -5*d + 5085 = -m - m. Is (m/12)/5*-3 a composite number?
False
Let i(x) = -x + 2. Let h be i(6). Let m be (-189)/6*h/6. Suppose -m = 2*c - 5*c. Is c composite?
False
Let r(l) = l - 3. Let f be r(7). Suppose 9*k - f = 7*k. Suppose 61 + 121 = k*o. Is o prime?
False
Let x(o) = -8*o**2 + 140*o - 7. Is x(15) a prime number?
True
Suppose -2 = -i, -3*t + 5*i + 741 = 2*i. Let m(x) = x**2 + x. Let a be m(1). Is (3 - a) + t + 1 a composite number?
False
Is (-4432638)/63*9/(-6) a prime number?
False
Suppose 4*q + g - 54 = -g, -3*q - g = -40. Let r = 13 - q. Suppose r = 2*p, -m + 5*p = -4*m + 699. Is m a composite number?
False
Let m be ((-16)/4)/(3 + -2). Let d be (-11)/m + (-4)/(-16). Is 353/d - (-24)/18 composite?
True
Suppose -d = -2*y - 1287, y + 2*d + 196 + 435 = 0. Is -3 - y - (-4 - -1) composite?
False
Is (1 - 8) + 15120/9 prime?
False
Suppose 0*k + k = 4, g + 31 = 5*k. Suppose -8*p = -21*p + 26. Is (-6706)/(-22) - p/g a prime number?
False
Let p be (-1)/(14/(-6) - 1 - -3). Suppose p*d = -7*c + 12*c + 9109, -5*c = -2*d + 6066. Is d a prime number?
False
Let l(n) = 40*n**2 + 2*n + 1. Let z(p) = -p**2 + 5*p - 5. Let f = -28 + 32. Let a be z(f). Is l(a) a prime number?
False
Let w = 48248 + -19411. Is w a composite number?
False
Let c be 1/(1*(-1)/(-30)). Let h = c + -29. Is 998*h/2*1 a prime number?
True
Let k(t) be the second derivative of -3/2*t**2 + 6*t + 0 + 43/6*t**3. Is k(2) a prime number?
True
Let j(n) be the third derivative of n**6/120 - n**5/10 + 5*n**4/24 + 7*n**2. Let h be j(5). Is (1 - h - -2) + 260 a composite number?
False
Let w = 120601 - 85350. Is w composite?
False
Suppose -5*t - 2*p + 0*p = 41, -4*t = -p + 38. Let g(u) = 5*u**2 - 10*u - 14. Let i(b) = b**2 - 2*b - 3. Let n(w) = -2*g(w) + 11*i(w). Is n(t) prime?
False
Let p(j) be the second derivative of j**4/12 - 4*j**3/3 - 23*j**2/2 - 9*j. Is p(-10) composite?
False
Let h = -2866 - -7187. Is h a composite number?
True
Suppose -4*y + 2*g = -12392, g + 4*g = 2*y - 6196. Is y a prime number?
False
Let a(n) = 52*n**3 + 7*n**2 - 4*n + 6. Let l be a(5). Suppose 0 = -4*v - 5*r + l + 5382, 12073 = 4*v - r. Is v a composite number?
True
Let w be (-7)/21 - 14156/(-6). Suppose h - w = -6*h. Is h a prime number?
True
Let n(g) = 725*g**3 - 5*g**2 - 2*g + 2. Let c(p) = -362*p**3 + 3*p**2 + p - 1. Let l be -2*(-1)/(-2) - -6. Let t(s) = l*c(s) + 3*n(s). Is t(1) composite?
True
Let t = 124 - 119. Suppose -t*g - 4984 = -13*g. Is g composite?
True
Suppose -q - 9 = -2*j + 2*q, -q = -j + 3. Suppose j = -n + 5*n + 4. Is (-4)/(-8)*n*-74 prime?
True
Is ((-56)/16 + 1)*118*-1 a prime number?
False
Suppose 29*a + r = 33*a - 26163, 0 = r - 1. Is a a prime number?
False
Suppose -192*h = -200*h + 347992. Is h a composite number?
False
Let f(u) = 1581*u - 2. Is f(1) a prime number?
True
Let n(h) = h**3 + 16*h**2 - 6*h - 85. Is n(-16) a composite number?
False
Let h(v) = -11*v + 20. Let b be h(2). Is -9*(b/6 + 0) + 110 composite?
False
Suppose -36*y + 39212 = -173080. Is y prime?
True
Is ((-60)/36)/(1/(-6999)) prime?
False
Suppose 5*s - 4*d - 172543 = 0, -3*s + 34514 = -2*s + d. Is s composite?
False
Let x(i) = 4*i**2 - 10*i + 41. Is x(-30) a composite number?
True
Let l(t) = -6*t - 1. Suppose 2*r - r - 4*w = 19, 5*w = 3*r - 22. Let d be l(r). Suppose 0 = -d*v + 3*u - 0*u + 1326, -1059 = -4*v + 3*u. Is v composite?
True
Let s(m) = 10*m**2 - 61*m + 262. Is s(39) a composite number?
False
Let f(t) = 13*t - 9. Suppose 0 = 4*h - 6*h + 40. Is f(h) prime?
True
Let s = 2711 - 1416. Let d = 102 - 98. Suppose d*y = -y + s. Is y composite?
True
Let d(l) = 4711*l**3 + 3*l**2 + 2*l + 5. Is d(3) a prime number?
False
Suppose -5*g + 80 = -150. Suppose -269 = -l - g. Is l a composite number?
False
Let m(t) = t**2 - 8*t - 38. Let y be m(12). Suppose 0*x = -y*x + 370. Is x prime?
True
Suppose 5*m = -50 + 60. Suppose -g - o + 98 = 0, 238 = 3*g + m*o - 51. Is g composite?
True
Suppose b + 3 = 1. Suppose v + 10 - 9 = 0. Is (67/b)/(v/2) a prime number?
True
Let a(q) = 3914*q**2 + 24*q - 15. Is a(2) a composite number?
True
Let s be ((-4)/(-3))/((-22)/165). Let a be 2/(-10) - 2652/s. Let k = 482 - a. Is k a composite number?
True
Is (2631/(-2))/(2/(-4)) a composite number?
True
Let y(b) = 6*b**3 + 10*b**2 - 31*b + 116. Is y(17) a prime number?
True
Let n(b) = 96*b**3 + 4*b**2 + 14*b - 21. Is n(5) a composite number?
False
Let p be (6 + -17)*(-1 + 10). Let h = p - -169. Suppose -16 = -4*g + f + h, 0 = 3*g - 5*f - 56. Is g a composite number?
True
Let c = 122 + -124. Is (-3 + (-5)/c)*-1754 a composite number?
False
Let h = -199 + 283. Let n be 30*(h/8 + 1). Let a = n - 196. Is a composite?
False
Suppose 4*m - m = 5*i + 31, 5*m - 2*i - 20 = 0. Suppose -m*g + 6*g + 20 = 0. Is g/((2 + 0)/(-38)) prime?
False
Suppose 6*f = 9*f + 6252. Let v = -1205 - f. Is v composite?
True
Let a(v) = -5*v - v - 3 - 5*v**2 - 1 + 10*v**2. Suppose 3*l = -3*z, -z - 12 = -4*l + 13. Is a(l) a composite number?
True
Let j = 15 + -27. Let g be (-3 + j/(-16))*116. Let p = g - -692. Is p composite?
False
Let j = 6094 + 18667. Is j prime?
False
Suppose 2*y + 3*z = 4*y - 7011, 5*y = 2*z + 17555. Is y a prime number?
False
Let u = -56183 + 99082. Is u a prime number?
True
Suppose 4*u + 6 = 3*p, -2*u = -p - 0 + 2. Suppose 7*c - 55 = p*c. Is c a prime number?
True
Let b be (35/15)/(1/3). Let a(r) = -r**2 + 8*r - 5. Let h be a(b). Suppose 0 = h*f + f - 2715. Is f a prime number?
False
Suppose -4*l + 2*b = -5*l + 1929, -2*l + b + 3863 = 0. Is l a prime number?
True
Suppose -28 = -3*d + 8. Let i(r) be the first derivative of r**4/4 - 4*r**3 + 11*r**2/2 + 17*r - 3. Is i(d) a composite number?
False
Suppose 8*x - 446811 = 103469. Is x a composite n